 - 87134 = -11346. Is u a prime number?
True
Suppose -5*v - 2*r = -59921, v - 8786 - 3209 = -4*r. Is v a prime number?
False
Suppose 0 = 1983*q - 2010*q + 3200499. Is q a composite number?
True
Suppose -3*c - 11*c + 1276902 = 4*c. Is c prime?
False
Suppose -6*k - 115009 = 8*k - 333101. Is k a prime number?
False
Let m(a) = -6*a**2 - 1 - 5*a**3 - 2*a + a**2 + 3*a**2. Let x be m(-1). Suppose 0 = 2*v + 3*f - 686, -x*v - 2*f + 7*f + 1328 = 0. Is v a composite number?
False
Let s(a) = a**2 - 5*a + 12. Let k be s(3). Suppose 20445 + 1113 = k*o. Is o a prime number?
True
Let n be (3 - 4) + 14 - (1 + 1). Suppose 5*g = n*g - 48. Suppose 3*p = g*p - 10255. Is p a composite number?
True
Let x = 2262 + 1062. Suppose 32*k + 10 + 14 = -8. Is (x - -3 - k) + 1 composite?
False
Let h(d) = -197*d + 374. Let k(l) = 101*l - 187. Let w(p) = -4*h(p) - 7*k(p). Is w(12) prime?
False
Suppose 2*x + 5*o = 16379, -8*x + o = -4*x - 32813. Suppose -753 + x = 3*z. Is z prime?
False
Let w be 1*5*772*(-7)/(-4). Let o = -852 + w. Is o a prime number?
True
Let y = 53 - 49. Suppose y*t - 3*z - z = 8, -t - 5*z = 28. Is 12781/2 - t/(-2) a prime number?
True
Let z(y) = 68296*y + 9165. Is z(4) a prime number?
True
Let b(z) = 2*z - 5. Suppose -3*r + 20 = 2*r. Let a be b(r). Suppose -2*k + 5*h = -4*k + 124, -3*k = a*h - 195. Is k a prime number?
True
Suppose -3025 + 781 = 2*o. Let f(s) = -s**3 - 14*s**2 - 29*s - 19. Let p be f(-9). Let h = p - o. Is h prime?
False
Let t(m) = 41927*m - 139. Is t(4) a prime number?
False
Let k(l) = -804*l**2 - l + 6. Let y be k(2). Let c = -1445 - y. Let w = -78 + c. Is w prime?
False
Let b = 25384 + -113464. Is (-4)/14 + 1 + b/(-70) composite?
False
Is 64/48 + -1 - (-459424)/6 prime?
False
Suppose -2*z - 17 = -5*x, -z - 15 = -4*x - 2. Suppose -4*t - t = x*m - 779, -255 = -m - 4*t. Suppose -2*j + 1305 = m. Is j a composite number?
False
Let m(d) = -6*d + 13 + 43*d**2 + d + d - 4*d. Let w(r) = -87*r**2 + 17*r - 27. Let t(g) = -5*m(g) - 3*w(g). Is t(5) a composite number?
True
Let n = 47813 - 3924. Is n a prime number?
True
Let m = -20821 + 36900. Let j = m - 3706. Is j prime?
True
Let n be -2*4/24*3. Let k(f) = 1360*f**2 - 4*f - 3. Is k(n) composite?
False
Is (-40)/(-16) + 920228/8 prime?
False
Suppose 3*x = 10*x - 14. Suppose 0 = x*r + 11070 - 2780. Let m = 5838 + r. Is m a composite number?
False
Is 21*16/1120 - 7045534/(-20) composite?
True
Suppose -f = -11 + 6. Suppose -12795 = -0*i - f*i. Suppose -29*w + 32*w = i. Is w composite?
False
Suppose 2*x = -10*x + 12. Let t(w) = 3972*w**3 - w**2 - 2*w + 3. Let h be t(x). Suppose 4*r - 4*z = -0*z + h, 2*r - z - 1990 = 0. Is r a composite number?
False
Let r(w) = 114*w**2 + 9*w - 31. Let c be r(-13). Let a = c - 8985. Is a prime?
True
Let c = -35 - -34. Let t be (-1236 - c) + 11 + -15. Let j = -170 - t. Is j a prime number?
True
Let w(l) = 6*l**2 - 12*l + 2. Let n be w(3). Let g be (-6)/9 - (-1 - n/(-6)). Is (g + -1 + 2)/((-14)/20671) prime?
True
Let z be (-1)/2 - (-154308)/8. Let s = -8977 + z. Let k = s + -6878. Is k a composite number?
False
Let g = -14 - -12. Let z be g/1 + 3 - 1240/(-5). Suppose 3*h - z - 978 = 0. Is h a composite number?
False
Let q(k) = 4*k - 12. Let c be q(5). Is ((-80)/5)/c*4997/(-2) prime?
False
Let u = -526196 + 938079. Is u prime?
True
Let j be 9 + (-3 - 2) + -1 + -1. Let y(v) = -3*v - 5. Let o be y(j). Let d(a) = a**3 + 15*a**2 - 8*a + 7. Is d(o) a composite number?
True
Let y(x) = -3*x + 40. Let t be y(11). Let w be (t/((-14)/(-8)) - 2) + 0. Suppose 4*m = p + 197, w*m + 4*p = 7*p + 101. Is m a composite number?
True
Let g be 50/125 - (-34264)/(-10). Let f be (-8693)/4 - (-1)/4. Let q = f - g. Is q a composite number?
True
Let p = 3046 + 959. Let n(i) = 15*i**3 + 6*i**2 - 9*i + 4. Let v be n(6). Let u = p + v. Is u a composite number?
False
Suppose 22*l + 429 = -385. Let o(f) = -372*f - 55. Is o(l) a prime number?
True
Suppose 4*m + 4*r = -4976, r = -2*m - m - 3734. Is 13/((5*(-3)/m)/1) prime?
False
Let p(b) be the second derivative of -3*b**4/4 + 2*b**3/3 + 3*b**2/2 + 4*b. Let q be p(6). Let x = q + 446. Is x a composite number?
False
Let n = -928 + 930. Suppose n*a = 3*j + 14995, 4*a - 19*j - 29994 = -17*j. Is a a composite number?
False
Let q = 30 - 35. Let o(l) = -457*l - 28. Is o(q) a prime number?
False
Suppose 2*j - 65 = 5*g - 3*j, 3*g = j - 43. Suppose -7*r + 9*r + 5354 = -2*b, r - 13361 = 5*b. Is (-5)/25 + b/g prime?
False
Let y = -211 + 215. Let a be (-2)/6 + (-14)/(-6). Suppose y*g - 1526 = -a*d - 0*g, -3*d + 2297 = 2*g. Is d a composite number?
True
Suppose 4*k - 1337 = -w, -5*k = -4*k - w - 333. Let a = 323 + k. Suppose 21*x - a = 18*x. Is x a prime number?
False
Suppose -6946 = -x - x + 4*m, 3*x + 4*m = 10389. Suppose 324 = -r + x. Is r composite?
True
Suppose 0 = -3*u + 3*a + 52188, -27*a + 34789 = 2*u - 30*a. Is u prime?
False
Suppose 3*a - 523348 = 4*h - 6531, -2*a + 2*h = -344548. Is a a composite number?
False
Let y = -23 - -27. Let u(s) = -3 - 5 + 5 - 528*s + y. Is u(-1) composite?
True
Let h be (6/20)/(19/190). Suppose -2*j + 43789 = h*i, 0 = j + 3*i - 4254 - 17642. Is j a composite number?
False
Suppose -12 = -6*t + 3*t, -3*n = t - 4. Suppose -o + 3*d + 0*d + 12581 = 0, 2*d + 8 = n. Is o prime?
True
Suppose -51 = 59*c + 1011. Is (-1375773)/(-189) - (-2 + (-40)/c) a prime number?
False
Let d(f) = -3*f**3 - f**2 + 22*f + 59435. Is d(0) a prime number?
False
Let x(z) = -540*z + 6395. Is x(-166) a prime number?
False
Suppose -8*l = -15*l + 1715. Suppose -5*p + 6*p - 14 = 0. Let f = p + l. Is f a prime number?
False
Let z = -54996 + 36067. Let n = -6628 - z. Is n composite?
False
Let y(f) be the first derivative of -4*f**3/3 + 3*f**2/2 + 12. Let b be y(1). Is (-3512)/(-16)*(-2)/b a composite number?
False
Let m be (0 - 3) + 0 - -75 - 3. Suppose -f + 3*g = -2*g - m, -4*g + 194 = 2*f. Let p = f - 6. Is p a prime number?
True
Let u(b) = 8*b - 23. Let m be u(12). Let f = m - -10. Let x = f - 76. Is x prime?
True
Let k be (-7 + 3069)/(4/28). Let x = k + -11533. Is x composite?
False
Let l = 217665 + 181358. Is l prime?
True
Let q(k) = -14*k + 6103. Let o be q(0). Let s = o + 2380. Is s prime?
False
Let c(j) = -7*j**2 + 26*j + 99. Let v be c(14). Let l = v - -2023. Is l a composite number?
True
Suppose -3*r = 4*s - 571393, 4*r + 9*s = 11*s + 761828. Is r a composite number?
True
Let v = -24 + 28. Suppose v*u - a = 18, -6 = a + 2*a. Suppose -u*b - 10067 = -3*c, 3*b = -2*b - 10. Is c a composite number?
True
Let q = -24496 - -48215. Is q a composite number?
False
Suppose -2*a + 6*a - 6168 = 0. Suppose a - 28592 = -10*v. Suppose 19*l + v = 24*l. Is l a composite number?
False
Is 7 + 12/24*(0 + -1 - -454561) prime?
False
Suppose 1 = 8*l - 7*l, -s - 2203 = -2*l. Is 6 + (-10 - -6) - s composite?
False
Let a(z) = 111*z**3 + 17*z**2 + 5*z + 201. Is a(18) a composite number?
True
Suppose -p - 2*q = 2*p - 3, q + 4 = 4*p. Suppose -p = t, 5 = -5*j + 4*t - 1. Is -1 - -585 - -2*1/j composite?
True
Suppose 0 = 4*j - 0 - 4, 0 = -3*i - 2*j + 14. Suppose -i*h + 2*a + 107 = 5*a, a = -h + 27. Is 1738/h - (-8)/52 a prime number?
True
Let p = 36 - 26. Let d(f) = -f**3 + 17*f**2 + 53*f + 147. Let x be d(20). Suppose p*k - 3363 = x*k. Is k a composite number?
True
Let f(d) be the third derivative of 11*d**5/60 + d**4/2 - 7*d**3/2 + 4*d**2 - 273*d. Suppose -l - 4*l = -30. Is f(l) composite?
True
Let y(g) = 373*g + 110. Let p be y(6). Suppose p = 4*o - 656. Is o composite?
False
Let d(t) = -90*t**3 + 11*t**2 + 6*t + 5. Suppose 46 - 102 = 14*c. Is d(c) composite?
True
Let q = 45543 - 12166. Is q composite?
False
Is (-3)/5 + 107876/10 - (-10 - -16) a composite number?
False
Let p(k) be the second derivative of 13*k**5/20 + k**4/3 - 13*k**3/3 + 19*k**2 + 23*k - 1. Is p(7) a composite number?
True
Is ((-2)/28)/((-22)/101403764) prime?
True
Let u(r) = r**3 + 6*r**2 - 2*r - 7. Let t be u(-6). Let g(w) = 11*w - 30. Let h be g(3). Is (20/12)/t + 572/h prime?
True
Suppose 11*o - 3338 = 19201. Suppose -3*b = 4*f - o, 0*b + 2*f = -2*b + 1364. Is b a prime number?
False
Let l(y) = -y**3 + 9*y**2 + 21*y + 21. Let u be l(11). Suppose 5*g + 20 = u. Is (-4 - 9/g)*2174 prime?
True
Suppose -30 = -3*o - 3*o. Suppose o*p + p = 30. Suppose -p*h + 4541 = 2*c, -3*h + 2718 = -3*c + 2*c. Is h a prime number?
True